What are the prime factors of 684?
2, 3, 19
List the prime factors of 34740.
2, 3, 5, 193
List the prime factors of 779.
19, 41
List the prime factors of 1085.
5, 7, 31
List the prime factors of 26719.
7, 11, 347
What are the prime factors of 44646?
2, 3, 7, 1063
What are the prime factors of 51021?
3, 5669
What are the prime factors of 108940?
2, 5, 13, 419
List the prime factors of 17476.
2, 17, 257
List the prime factors of 319.
11, 29
List the prime factors of 5897.
5897
List the prime factors of 8616.
2, 3, 359
What are the prime factors of 925?
5, 37
List the prime factors of 62092.
2, 19, 43
What are the prime factors of 86?
2, 43
List the prime factors of 14543.
14543
What are the prime factors of 19446?
2, 3, 7, 463
List the prime factors of 37680.
2, 3, 5, 157
List the prime factors of 3591.
3, 7, 19
What are the prime factors of 27825?
3, 5, 7, 53
List the prime factors of 928.
2, 29
List the prime factors of 23277.
3, 7759
List the prime factors of 4553.
29, 157
List the prime factors of 1002.
2, 3, 167
What are the prime factors of 76755?
3, 5, 7, 17, 43
List the prime factors of 110191.
101, 1091
What are the prime factors of 8324?
2, 2081
What are the prime factors of 4716?
2, 3, 131
What are the prime factors of 30801?
3, 10267
What are the prime factors of 31?
31
What are the prime factors of 1592?
2, 199
List the prime factors of 9936.
2, 3, 23
List the prime factors of 731.
17, 43
What are the prime factors of 906?
2, 3, 151
What are the prime factors of 3884?
2, 971
List the prime factors of 2319.
3, 773
What are the prime factors of 84689?
11, 7699
What are the prime factors of 31221?
3, 3469
List the prime factors of 2547.
3, 283
List the prime factors of 14155.
5, 19, 149
List the prime factors of 20357.
20357
List the prime factors of 17044.
2, 4261
List the prime factors of 39767.
7, 13, 19, 23
List the prime factors of 9154.
2, 23, 199
What are the prime factors of 3236?
2, 809
What are the prime factors of 472?
2, 59
What are the prime factors of 91086?
2, 3, 17, 19, 47
What are the prime factors of 2038?
2, 1019
List the prime factors of 23858.
2, 79, 151
List the prime factors of 2957.
2957
List the prime factors of 33939.
3, 419
List the prime factors of 4456.
2, 557
List the prime factors of 1045.
5, 11, 19
List the prime factors of 3731.
7, 13, 41
List the prime factors of 748.
2, 11, 17
List the prime factors of 4791.
3, 1597
What are the prime factors of 5387?
5387
List the prime factors of 17356.
2, 4339
List the prime factors of 2888.
2, 19
What are the prime factors of 142378?
2, 257, 277
What are the prime factors of 1013?
1013
What are the prime factors of 48966?
2, 3, 8161
What are the prime factors of 763?
7, 109
What are the prime factors of 5782?
2, 7, 59
What are the prime factors of 397?
397
What are the prime factors of 1192?
2, 149
List the prime factors of 34527.
3, 17, 677
List the prime factors of 25985.
5, 5197
List the prime factors of 453.
3, 151
List the prime factors of 9563.
73, 131
List the prime factors of 6929.
13, 41
List the prime factors of 181.
181
What are the prime factors of 9372?
2, 3, 11, 71
What are the prime factors of 145861?
145861
List the prime factors of 79986.
2, 3, 13331
List the prime factors of 30071.
30071
List the prime factors of 9341.
9341
List the prime factors of 105010.
2, 5, 10501
List the prime factors of 291.
3, 97
List the prime factors of 7829.
7829
What are the prime factors of 888?
2, 3, 37
List the prime factors of 19131.
3, 7, 911
What are the prime factors of 151357?
151357
What are the prime factors of 743?
743
List the prime factors of 4360.
2, 5, 109
List the prime factors of 1413.
3, 157
List the prime factors of 339.
3, 113
What are the prime factors of 2005?
5, 401
What are the prime factors of 21317?
21317
What are the prime factors of 6320?
2, 5, 79
List the prime factors of 8696.
2, 1087
List the prime factors of 17171.
7, 11, 223
List the prime factors of 51262.
2, 19, 71
List the prime factors of 961.
31
List the prime factors of 1631.
7, 233
List the prime factors of 380.
2, 5, 19
List the prime factors of 425.
5, 17
List the prime factors of 2040.
2, 3, 5, 17
List the prime factors of 1899.
3, 211
What are the prime factors of 3950?
2, 5, 79
What are the prime factors of 281?
281
What are the prime factors of 91498?
2, 11, 4159
What are the prime factors of 52903?
52903
List the prime factors of 2487.
3, 829
List the prime factors of 19627.
19, 1033
List the prime factors of 55.
5, 11
List the prime factors of 34968.
2, 3, 31, 47
List the prime factors of 857.
857
What are the prime factors of 19227?
3, 13, 17, 29
List the prime factors of 41598.
2, 3, 2311
What are the prime factors of 86?
2, 43
What are the prime factors of 1124?
2, 281
What are the prime factors of 542?
2, 271
What are the prime factors of 91?
7, 13
List the prime factors of 1875.
3, 5
What are the prime factors of 4077?
3, 151
List the prime factors of 674.
2, 337
List the prime factors of 7386.
2, 3, 1231
List the prime factors of 65434.
2, 32717
List the prime factors of 1142.
2, 571
What are the prime factors of 679?
7, 97
What are the prime factors of 7270?
2, 5, 727
List the prime factors of 92589.
3, 7, 4409
List the prime factors of 430.
2, 5, 43
List the prime factors of 675.
3, 5
List the prime factors of 4130.
2, 5, 7, 59
What are the prime factors of 4002?
2, 3, 23, 29
List the prime factors of 7665.
3, 5, 7, 73
What are the prime factors of 7533?
3, 31
What are the prime factors of 8088?
2, 3, 337
What are the prime factors of 1537?
29, 53
What are the prime factors of 728?
2, 7, 13
List the prime factors of 31865.
5, 6373
What are the prime factors of 2708?
2, 677
List the prime factors of 28637.
7, 4091
What are the prime factors of 55132?
2, 7, 11, 179
List the prime factors of 54176.
2, 1693
List the prime factors of 7927.
7927
What are the prime factors of 89484?
2, 3, 7457
List the prime factors of 348.
2, 3, 29
List the prime factors of 725.
5, 29
List the prime factors of 1786.
2, 19, 47
What are the prime factors of 171?
3, 19
What are the prime factors of 1378?
2, 13, 53
List the prime factors of 17591.
7, 359
List the prime factors of 877.
877
What are the prime factors of 5581?
5581
What are the prime factors of 39963?
3, 7, 11, 173
What are the prime factors of 78374?
2, 149, 263
What are the prime factors of 25667?
25667
What are the prime factors of 3937?
31, 127
List the prime factors of 915.
3, 5, 61
What are the prime factors of 5642?
2, 7, 13, 31
List the prime factors of 20568.
2, 3, 857
List the prime factors of 16274.
2, 79, 103
List the prime factors of 7585.
5, 37, 41
What are the prime factors of 14368?
2, 449
List the prime factors of 2102.
2, 1051
What are the prime factors of 16006?
2, 53, 151
What are the prime factors of 1753?
1753
List the prime factors of 13697.
13697
List the prime factors of 13588.
2, 43, 79
What are the prime factors of 120855?
3, 5, 7, 1151
What are the prime factors of 4859?
43, 113
List the prime factors of 148347.
3, 53, 311
List the prime factors of 739.
739
What are the prime factors of 35511?
3, 7, 19, 89
What are the prime factors of 1031?
1031
List the prime factors of 5393.
5393
List the prime factors of 44793.
3, 7, 79
List the prime factors of 148577.
11, 13, 1039
What are the prime factors of 381?
3, 127
List the prime factors of 4350.
2, 3, 5, 29
List the prime factors of 1374.
2, 3, 229
List the prime factors of 2431.
11, 13, 17
List the prime factors of 6247.
6247
What are the prime factors of 13151?
13151
What are the prime factors of 16079?
7, 2297
What are the prime factors of 545?
5, 109
What are the prime factors of 64047?
3, 37, 577
What are the prime factors of 34031?
34031
What are the prime factors of 3969?
3, 7
List the prime factors of 485.
5, 97
List the prime factors of 34086.
2, 3, 13, 19, 23
List the prime factors of 10465.
5, 7, 13, 23
List the prime factors of 40919.
17, 29, 83
What are the prime factors of 2337?
3, 19, 41
List the prime factors of 104215.
5, 19, 1097
What are the prime factors of 65?
5, 13
What are the prime factors of 69074?
2, 34537
List the prime factors of 6311.
6311
What are the prime factors of 948?
2, 3, 79
What are the prime factors of 1817